d 676.
13
What is the highest common factor of 449879 and 2?
1
Calculate the highest common factor of 2264 and 27192904.
2264
Calculate the greatest common divisor of 45865220 and 920.
460
What is the highest common divisor of 1176 and 55284887?
49
Calculate the greatest common divisor of 224 and 107525152.
224
Calculate the highest common divisor of 4799015 and 643370.
6565
What is the highest common factor of 2748390 and 3060?
510
Calculate the highest common divisor of 830708 and 2716.
388
Calculate the greatest common factor of 3623981 and 476417.
5353
Calculate the highest common factor of 1630533 and 657119.
1291
What is the greatest common factor of 92717 and 35?
1
Calculate the highest common divisor of 4548714 and 228.
114
What is the greatest common divisor of 29821 and 537233448?
2711
What is the highest common factor of 25652863 and 353?
353
What is the greatest common divisor of 4312 and 501336?
88
What is the highest common factor of 339261270 and 1011?
1011
Calculate the greatest common factor of 152 and 412243.
19
Calculate the highest common factor of 356966 and 170.
34
What is the greatest common factor of 229514 and 10?
2
What is the highest common factor of 4141 and 44401418?
101
Calculate the highest common divisor of 35379256 and 176.
88
What is the greatest common factor of 2282570 and 1150?
10
What is the highest common factor of 2946728 and 10784?
2696
What is the greatest common factor of 18755 and 416485?
155
What is the greatest common divisor of 418 and 56072401?
209
Calculate the greatest common divisor of 1372297 and 208803.
163
What is the highest common divisor of 826828 and 68773?
97
Calculate the highest common divisor of 8610250 and 6868.
202
Calculate the greatest common factor of 5997477 and 4371.
93
Calculate the highest common divisor of 4 and 362339948.
4
What is the highest common factor of 14230682 and 685580?
9794
Calculate the greatest common divisor of 1474168 and 8.
8
What is the highest common factor of 345783 and 18?
3
What is the highest common factor of 20184 and 86955195?
2523
What is the greatest common divisor of 192 and 40159232?
64
Calculate the greatest common divisor of 1159 and 8491444.
61
Calculate the highest common factor of 38038 and 933166.
494
What is the highest common divisor of 28005 and 498?
3
Calculate the highest common factor of 66 and 4215002.
22
Calculate the greatest common factor of 2720310 and 110.
10
What is the highest common divisor of 52107267 and 9?
3
What is the highest common divisor of 1110177 and 1236?
3
What is the greatest common divisor of 1078 and 684922?
98
What is the highest common divisor of 76 and 30328294?
38
What is the greatest common divisor of 46757006 and 1448?
362
Calculate the highest common factor of 6222 and 453084.
102
What is the highest common divisor of 642 and 3983824?
214
What is the highest common factor of 776 and 478896?
8
What is the greatest common divisor of 477 and 823248364?
53
What is the highest common divisor of 2946 and 177748874?
982
Calculate the highest common factor of 606 and 4377180.
6
What is the highest common factor of 4334274 and 100044?
126
What is the greatest common divisor of 38485902 and 735?
21
Calculate the highest common factor of 1049789550 and 954.
318
What is the highest common factor of 82739 and 363455?
157
What is the greatest common divisor of 436464949 and 59?
59
What is the greatest common factor of 101190922 and 98?
14
Calculate the highest common factor of 54910 and 1276515.
95
What is the highest common divisor of 307454 and 98?
14
Calculate the greatest common divisor of 4800 and 10775400.
600
What is the highest common divisor of 43640295 and 120?
15
Calculate the greatest common divisor of 2921 and 1691005.
127
What is the greatest common factor of 5030896 and 4?
4
What is the greatest common factor of 10099593 and 567?
189
What is the greatest common divisor of 31469 and 125?
1
What is the greatest common factor of 67592055 and 345?
345
Calculate the greatest common factor of 627 and 2486264.
209
Calculate the greatest common divisor of 59146150 and 1735.
1735
What is the highest common divisor of 107043 and 13708410?
3453
What is the greatest common factor of 1850 and 8913490?
10
Calculate the greatest common divisor of 11332640 and 16115.
55
Calculate the highest common factor of 1134 and 15214122.
378
What is the greatest common factor of 4462 and 48737068?
194
Calculate the highest common factor of 2588 and 2357546364.
2588
What is the highest common factor of 7537610 and 148780?
1730
Calculate the highest common divisor of 64621617 and 1353.
123
Calculate the highest common factor of 1601125 and 375.
125
Calculate the greatest common factor of 35052 and 2166366.
762
Calculate the highest common factor of 783 and 29696.
29
Calculate the highest common factor of 7 and 457699991.
7
Calculate the highest common factor of 174552370 and 110.
10
Calculate the highest common factor of 5421 and 2687704.
139
Calculate the highest common factor of 5541550 and 2982.
994
What is the greatest common divisor of 20120840 and 920?
40
Calculate the greatest common factor of 3664 and 464672.
16
Calculate the highest common divisor of 11653 and 3948199.
271
Calculate the greatest common divisor of 4452 and 9294292.
1484
Calculate the greatest common divisor of 23797 and 118084.
53
What is the highest common divisor of 45552381 and 21?
21
What is the greatest common factor of 554829 and 7871?
17
Calculate the highest common factor of 96 and 20668032.
96
What is the highest common factor of 55 and 203517?
1
Calculate the greatest common factor of 289056 and 94368.
96
Calculate the greatest common factor of 685122 and 624821.
1283
What is the highest common divisor of 6123 and 410055269?
2041
What is the highest common divisor of 615625462 and 74?
74
Calculate the greatest common divisor of 12 and 157559252.
4
Calculate the greatest common divisor of 22067496 and 459.
153
Calculate the greatest common divisor of 44 and 30222423.
11
What is the greatest common factor of 111885026 and 1298?
22
What is the greatest common factor of 15 and 60983265?
15
Calculate the greatest common divisor of 172931 and 1392138.
869
Calculate the highest common factor of 768588 and 608.
76
Calculate the highest common factor of 1990180 and 1120.
20
Calculate the highest common factor of 664 and 30785032.
664
Calculate the greatest common factor of 2040 and 25254520.
680
What is the highest common factor of 52 and 68085524?
52
What is the greatest common divisor of 140694 and 7467?
393
What is the highest common factor of 10270 and 55490864?
2054
What is the highest common divisor of 16 and 3559638?
2
Calculate the highest common divisor of 20301604 and 2516.
2516
What is the greatest common factor of 90 and 84414636?
18
Calculate the highest common factor of 2890 and 8550.
10
Calculate the highest common divisor of 155 and 46311045.
5
What is the highest common divisor of 4254889 and 74?
37
What is the highest common factor of 24466323 and 5628?
1407
Calculate the greatest common factor of 56327 and 372899.
713
Calculate the greatest common factor of 3599019 and 68.
17
Calculate the highest common factor of 39 and 8020272.
39
Calculate the greatest common factor of 1002046 and 3.
1
Calculate the highest common divisor of 32209 and 4819921.
1039
What is the highest common divisor of 34408 and 719624?
184
Calculate the highest common factor of 14729490 and 54.
18
Calculate the highest common factor of 7075651 and 46.
23
Calculate the highest common divisor of 1856710943 and 118.
59
What is the highest common factor of 2000 and 56296720?
80
What is the greatest common divisor of 353 and 327961357?
353
Calculate the highest common divisor of 75464580 and 2280.
1140
What is the greatest common factor of 1430 and 3142100?
130
What is the greatest common factor of 145403 and 1932211?
1499
Calculate the greatest common divisor of 3276 and 437325525.
819
What is the greatest common divisor of 370300 and 10220?
140
Calculate the highest common factor of 2403000 and 29125.
125
Calculate the highest common divisor of 45750 and 32757.
183
Calculate the greatest common factor of 55080 and 162.
162
What is the greatest common divisor of 